 in base 5?
404443
-155553 (base 6) to base 12
-8bb9
What is -156d (base 16) in base 5?
-133420
3718 (base 14) to base 9
14175
-17852 (base 9) to base 15
-39de
264 (base 7) to base 2
10010000
What is 11211 (base 3) in base 7?
244
Convert -33640 (base 7) to base 3.
-102201211
What is -101125 (base 7) in base 6?
-211414
11211001 (base 3) to base 13
17a1
985 (base 10) to base 13
5aa
Convert -100122012 (base 3) to base 2.
-1101101110001
What is -1053 (base 10) in base 15?
-4a3
Convert 123002 (base 5) to base 10.
4752
221221 (base 3) to base 15
31a
-22 (base 10) to base 7
-31
What is 221404 (base 6) in base 16?
484c
Convert 164661 (base 7) to base 12.
17076
Convert 6942 (base 11) to base 9.
13454
Convert 2500 (base 10) to base 3.
10102121
-4cb (base 14) to base 10
-963
What is -31243 (base 6) in base 4?
-1001223
Convert 10847 (base 11) to base 3.
210111000
Convert -100111110101 (base 2) to base 11.
-1a08
8b3 (base 14) to base 13
a29
What is 11132 (base 5) in base 11?
660
Convert 782 (base 9) to base 10.
641
20115 (base 10) to base 2
100111010010011
2040 (base 10) to base 3
2210120
Convert -2000020 (base 3) to base 16.
-5b8
Convert -212234 (base 5) to base 14.
-289c
Convert -825 (base 15) to base 6.
-12255
Convert 206 (base 11) to base 14.
13a
Convert 3310 (base 5) to base 13.
290
What is -101202 (base 3) in base 10?
-290
What is -14387 (base 10) in base 12?
-83ab
What is -1110 (base 5) in base 6?
-415
746 (base 10) to base 2
1011101010
Convert -18b2 (base 12) to base 11.
-22a0
Convert -243e (base 16) to base 10.
-9278
What is -4441 (base 6) in base 9?
-1367
What is 1a4 (base 14) in base 9?
417
What is 4166 (base 7) in base 11?
1116
-24544 (base 9) to base 7
-66025
Convert 400 (base 5) to base 14.
72
Convert -367a (base 11) to base 4.
-1023012
What is -7871 (base 12) in base 9?
-20254
-682 (base 9) to base 12
-3a8
2524 (base 8) to base 5
20424
36d (base 16) to base 2
1101101101
Convert 13000 (base 7) to base 14.
1370
-505a (base 16) to base 9
-31185
-122214 (base 5) to base 13
-2194
What is -44410 (base 7) in base 2?
-10101110101011
What is 3102 (base 4) in base 7?
420
-4342 (base 12) to base 15
-22ce
-4335 (base 13) to base 10
-9339
-147a (base 13) to base 14
-1126
Convert 100001010010 (base 2) to base 13.
c7b
What is -110000111 (base 2) in base 12?
-287
4555 (base 7) to base 4
121321
Convert -14034 (base 6) to base 9.
-2884
What is 20021 (base 4) in base 12?
375
What is 36a (base 16) in base 12?
60a
What is -7541 (base 8) in base 12?
-2341
9571 (base 10) to base 7
36622
What is -520 (base 14) in base 10?
-1008
What is 428 (base 12) in base 6?
2452
543 (base 9) to base 3
121110
Convert 694 (base 11) to base 3.
1010201
1202110222 (base 3) to base 8
103465
What is -50c (base 15) in base 8?
-2161
What is 33321 (base 4) in base 16?
3f9
10001110111 (base 2) to base 13
69c
Convert -21 (base 14) to base 2.
-11101
2221 (base 6) to base 9
634
What is -1064 (base 13) in base 11?
-1792
What is -70844 (base 10) in base 15?
-15ece
22104 (base 6) to base 4
233320
Convert -1399 (base 10) to base 7.
-4036
Convert -2212 (base 4) to base 13.
-ca
Convert 23d (base 15) to base 10.
508
What is -11033 (base 6) in base 12?
-a79
What is -13342 (base 7) in base 16?
-e17
What is -1333320 (base 6) in base 10?
-74640
What is 1423 (base 7) in base 5?
4211
What is c8df (base 16) in base 8?
144337
Convert -a030 (base 12) to base 15.
-51e6
What is 10222120112 (base 3) in base 4?
103021112
What is -1102400 (base 5) in base 10?
-19100
-111020 (base 3) to base 4
-11211
What is 376 (base 12) in base 2?
1000001010
Convert -3416 (base 8) to base 4.
-130032
-13b37 (base 13) to base 14
-d70d
638 (base 16) to base 13
956
24161 (base 13) to base 7
363611
434 (base 11) to base 12
375
What is -70 (base 8) in base 2?
-111000
What is -2103 (base 8) in base 15?
-4cb
What is 817 (base 15) in base 5?
24242
What is -8269 (base 12) in base 15?
-4313
3100102 (base 5) to base 3
2112121212
What is -1340324 (base 5) in base 2?
-110101111000101
What is 355 (base 13) in base 9?
711
What is -1110101011111 (base 2) in base 10?
-7519
3b25 (base 12) to base 3
100022202
-20200002 (base 3) to base 7
-20114
203314 (base 5) to base 8
15065
Convert 51261 (base 7) to base 8.
30311
What is 520 (base 8) in base 10?
336
Convert -30322013 (base 4) to base 9.
-80465
Convert a024 (base 16) to base 11.
2888a
What is 21498 (base 13) in base 14?
17ca4
What is -111101110 (base 2) in base 4?
-13232
3 (base 15) to base 16
3
Convert 10330 (base 6) to base 2.
10110001110
-400434 (base 5) to base 14
-4855
What is 10001011111000 (base 2) in base 10?
8952
Convert 555 (base 10) to base 4.
20223
-1c26 (base 15) to base 4
-1133133
-24221 (base 5) to base 7
-5165
-16275 (base 8) to base 7
-30310
Convert -2337 (base 8) to base 10.
-1247
What is 1114525 (base 6) in base 13?
1cb05
What is -110003 (base 4) in base 10?
-1283
110201 (base 3) to base 8
527
Convert 24c3 (base 16) to base 8.
22303
What is -101100000100100 (base 2) in base 12?
-11084
Convert -421323 (base 7) to base 3.
-10200111120
What is 19620 (base 11) in base 7?
142535
160 (base 12) to base 8
330
Convert -a053 (base 11) to base 8.
-32070
-67c (base 14) to base 2
-10100000110
Convert -401 (base 12) to base 4.
-21001
Convert 101000 (base 2) to base 16.
28
What is -1011001111111 (base 2) in base 6?
-42355
Convert -f508 (base 16) to base 12.
-30374
What is 950 (base 11) in base 3?
1120101
What is 11417 (base 13) in base 11?
216a5
Convert 110024 (base 5) to base 2.
111010110100
Convert -22757 (base 9) to base 14.
-5779
What is -18bb (base 15) in base 8?
-12347
20405 (base 6) to base 9
3675
What is 3033 (base 4) in base 9?
250
263 (base 13) to base 5
3134
2383 (base 10) to base 2
100101001111
22140 (base 6) to base 7
11664
Convert 20c3 (base 15) to base 10.
6933
Convert -42 (base 15) to base 9.
-68
What is -209 (base 10) in base 4?
-3101
Convert 201021112 (base 3) to base 16.
36e6
-3365 (base 9) to base 7
-10154
-34423 (base 6) to base 16
-132f
-326c (base 13) to base 7
-26315
Convert -891 (base 12) to base 8.
-2355
Convert 42445 (base 9) to base 15.
84b2
What is 36863 (base 9) in base 14?
904a
Convert 6355 (base 8) to base 16.
ced
70a (base 12) to base 6
4414
Convert 736 (base 9) to base 15.
2a0
2140 (base 6) to base 12
350
Convert -4303 (base 6) to base 15.
-450
-2455 (base 8) to base 13
-7ac
9012 (base 10) to base 14
33da
Convert -236545 (base 7) to base 12.
-20b81
Convert 4430 (base 5) to base 4.
21213
Convert -d3a (base 14) to base 6.
-20012
Convert 31304 (base 5) to base 12.
1253
What is 5084 (base 9) in base 3?
12002211
Convert -b995 (base 14) to base 3.
-1122000010
What is -2162 (base 8) in base 16?
-472
What is -175b (base 16) in base 7?
-23301
What is -4555 (base 6) in base 11?
-8a1
-23133 (base 4) to base 10
-735
20013 (base 5) to base 3
1201121
10012 (base 4) to base 3
100201
7bc (base 14) to base 10
1538
212000 (base 5) to base 12
4159
What is 262 (base 9) in base 16?
da
What is 432 (base 11) in base 9?
636
-28342 (base 11) to base 3
-2001100001
What is -321241 (base 7) in base 2?
-1101100110001101
Convert 51365 (base 7) to base 5.
400132
186 (base 10) to base 9
226
-2b20 (base 15) to base 9
-13623
1020010 (base 3) to base 13
53a
What is -532422 (base 6) in base 13?
-16973
What is 342030 (base 5) in base 8?
27554
1857 (base 13) to base 11
27a2
-85 (base 11) to base 13
-72
Convert 17b (base 13) to base 8.
417
What is 1886 (base 10) in base 6?
12422
16cd (base 15) to base 10
4918
What is -156 (base 12) in base 13?
-132
-2835 (base 10) to base 16
-b13
Convert 111401 (base 5) to base 8.
7610
What is -11000100101 (base 2) in base 4?
-120211
Convert 2123302 (base 5) to base 3.
1211111012
Convert -407 (base 9) to base 11.
-281
What is 81 (base 12) in base 6?
241
Convert -330000 (base 4) to base 2.
-111100000000
What is -72ae (base 15) in base 2?
-101111010101111
Convert -30303333 (base 4) to base 5.
-3134404
What is 101001201 (base 3) in base 7?
30250
-1979 (base 12) to base 3
-11021110
What is 11102233 (base 4) in base 5?
1143204
What is -2340 (base 6) in base 12?
-3b0
Convert -1022002211 (base 3) to base 9.
-38084
What is -2030211 (base 5) in base 3?
-1200111221
Convert -100311330 (base 4) to base 13.
-2552a
Convert -1326 (base 8) to base 7.
-2055
What is -13072 (bas